{"id":118,"date":"2018-03-30T19:21:30","date_gmt":"2018-03-30T17:21:30","guid":{"rendered":"http:\/\/www.swifina.ch\/immobilien\/?page_id=118"},"modified":"2018-04-16T19:14:34","modified_gmt":"2018-04-16T17:14:34","slug":"service","status":"publish","type":"page","link":"https:\/\/www.swifina.ch\/immobilien\/service\/","title":{"rendered":"Service"},"content":{"rendered":"<h3>Service<\/h3>\n<p>&nbsp;<\/p>\n<h4>Vertretung des Mieters<\/h4>\n<p>Als Full-Service-Immobilienberater verf\u00fcgt Swifina Immobilien \u00fcber umfassende Erfahrung bei der Erf\u00fcllung jeglicher Mieterbed\u00fcrfnisse. Wir bieten umfassende Dienstleistungen an, die von der strategischen Planung bis zum Projektmanagement reichen.<\/p>\n<p>Ungeachtet der endg\u00fcltigen Entscheidung, zu bleiben oder sich zu bewegen, verbessert Swifina Immobilien ihre Verhandlungsf\u00e4higkeit, indem alternative Standortoptionen identifiziert werden. Um dies zu erreichen, entwickeln wir Bewertungsmatrizen, die ihre finanziellen Grenzen, operativen Anforderungen und qualitativen \u00dcberlegungen festlegen.<\/p>\n<p>Eine kurze Liste von Alternativen und entsprechenden Handelsstrategien wird basierend auf unserer Kenntnis des Marktes sowie der finanziellen Lage und des Ansehens des Eigent\u00fcmers jeder Immobilie erstellt. Sobald der gew\u00fcnschte Standort ermittelt und die g\u00fcnstigsten Mietbedingungen ausgehandelt sind, bleiben die Fachleute von Swifina Immobilien eng verbunden, um die Nebent\u00e4tigkeiten im Zusammenhang mit einer Renovierung oder einem Umzug zu koordinieren.<\/p>\n<p>&nbsp;<\/p>\n<h4>Vertretung des Eigent\u00fcmers<\/h4>\n<p>Swifina Immobilien bietet voll integrierte Dienstleistungen f\u00fcr die Repr\u00e4sentation von Eigent\u00fcmern, um den Return on Investment und den Wert von Verm\u00f6genswerten zu maximieren. Unsere Fachleute verstehen die komplexen Anforderungen von Eigent\u00fcmern von Unternehmen, Institutionen und Gesch\u00e4ftsimmobilien. Wir k\u00f6nnen einen Verm\u00f6genswert oder ein Portfolio von leistungsschwachen Verm\u00f6genswerten durch Wettbewerbsanalysen, proaktive Leasingstrategien und Mieterbindungsprogramme neu positionieren. Die Firma bietet umfassende Dienstleistungen von der strategischen Planung bis zur Verwaltung von Immobilien und Verm\u00f6genswerten.<\/p>\n<p>Swifina Immobilien entwickelt umfassende und individuelle Leasing- und Marketingstrategien, basierend auf dem Zustand und dem Standort einer Immobilie, um die h\u00f6chstm\u00f6gliche Positionierung im Einklang mit den Anlagezielen der Immobilie zu erreichen. Die Umsetzung einer Leasing-Strategie beinhaltet die direkte Anfrage potenzieller Mieter und ihrer Vermittler, ersch\u00f6pfende Berichte \u00fcber die Prospektaktivit\u00e4t an die Immobilie, Empfehlungen optimaler Preise und schnelle Reaktionen und Verhandlungen.<\/p>\n<p>&nbsp;<\/p>\n<h4>Mietverwaltung<\/h4>\n<p>Lassen Sie uns Ihre Mietvertr\u00e4ge zentral verwalten, damit Sie strategische Entscheidungen zu Ihrem Portfolio treffen, Kosten senken und M\u00f6glichkeiten f\u00fcr Neuverhandlungen erkennen k\u00f6nnen. Ein proaktives Leasing-Management-Programm sollte der Eckpfeiler der strategischen Immobilienplanung und des Portfoliomanagements sein, insbesondere wenn das Portfolio gro\u00df und geografisch verschieden ist.<br \/>\nAls Lease-Management-Anbieter stellen wir sicher, dass Sie keine Termine oder kritischen Planungsfristen verpassen. Wir werden M\u00f6glichkeiten zur Neuverhandlung von Leasingkonditionen und -s\u00e4tzen identifizieren und nicht voll genutzte Verm\u00f6genswerte konsolidieren oder ver\u00e4u\u00dfern. Sie sind gut positioniert, um jede Gelegenheit zu nutzen, um die Effizienz und Produktivit\u00e4t Ihres Portfolios zu maximieren.<\/p>\n<p>&nbsp;<\/p>\n<h4>Investition und Analyse im Immobilienmarkt<\/h4>\n<p>F\u00fcr Anleger, die Objekte oder Portfolios, die als Investment Grade eingestuft sind, verkaufen oder kaufen m\u00f6chten, bieten wir umfassende und dokumentierte L\u00f6sungen f\u00fcr ihre Gesch\u00e4ftst\u00e4tigkeit. Wir kombinieren unsere Erfahrung auf dem Kapitalmarkt perfekt mit unserer au\u00dfergew\u00f6hnlichen F\u00e4higkeit, f\u00fcr jeden Kunden ma\u00dfgeschneiderte L\u00f6sungen zu entwickeln.<\/p>\n<p>&nbsp;<\/p>\n<h4>Verkauf und Erwerb von Grundst\u00fccken<\/h4>\n<p>Landexperten von Swifina Immobilen helfen ihren Eigent\u00fcmern bei der Analyse und dem Verkauf ihrer Immobilien mit dem h\u00f6chsten Wert und in der k\u00fcrzest m\u00f6glichen Zeit. Wir vertreten auch Mieter und Immobilienentwickler bei der Suche nach dem besten Land f\u00fcr ihre Projekte. Wir entwickeln optimale L\u00f6sungen f\u00fcr unsere Kunden und nutzen unser Wissen \u00fcber Markttrends, Zonenbedingungen und Kapitalm\u00e4rkte sowie unser Netzwerk von Beziehungen zu Immobilienentwicklern, Eigent\u00fcmern, Anw\u00e4lten, Ingenieuren und Gemeindebeamten.<\/p>\n","protected":false},"excerpt":{"rendered":"<p>Service &nbsp; Vertretung des Mieters Als Full-Service-Immobilienberater verf\u00fcgt Swifina Immobilien \u00fcber umfassende Erfahrung bei der Erf\u00fcllung jeglicher Mieterbed\u00fcrfnisse. Wir bieten umfassende Dienstleistungen an, die von der strategischen Planung bis zum Projektmanagement reichen. Ungeachtet der endg\u00fcltigen Entscheidung, zu bleiben oder sich zu bewegen, verbessert Swifina Immobilien ihre Verhandlungsf\u00e4higkeit, indem alternative Standortoptionen identifiziert werden. Um dies zu erreichen, entwickeln wir Bewertungsmatrizen, die<\/p>\n<div class=\"clearfix\"><\/div>\n<div class=\"pull-left padding-top-25\"><a href=\"https:\/\/www.swifina.ch\/immobilien\/service\/\" class=\"btn btn-theme\">Continue reading<span class=\"screen-reader-text\"> &#8222;Service&#8220;<\/span> <i class=\"fa fa-fw fa-long-arrow-right\"><\/i> <\/a>  <\/div>\n","protected":false},"author":1,"featured_media":0,"parent":0,"menu_order":0,"comment_status":"closed","ping_status":"closed","template":"","meta":{"footnotes":""},"class_list":["post-118","page","type-page","status-publish","hentry"],"wps_subtitle":"","jetpack_sharing_enabled":true,"_links":{"self":[{"href":"https:\/\/www.swifina.ch\/immobilien\/wp-json\/wp\/v2\/pages\/118","targetHints":{"allow":["GET"]}}],"collection":[{"href":"https:\/\/www.swifina.ch\/immobilien\/wp-json\/wp\/v2\/pages"}],"about":[{"href":"https:\/\/www.swifina.ch\/immobilien\/wp-json\/wp\/v2\/types\/page"}],"author":[{"embeddable":true,"href":"https:\/\/www.swifina.ch\/immobilien\/wp-json\/wp\/v2\/users\/1"}],"replies":[{"embeddable":true,"href":"https:\/\/www.swifina.ch\/immobilien\/wp-json\/wp\/v2\/comments?post=118"}],"version-history":[{"count":11,"href":"https:\/\/www.swifina.ch\/immobilien\/wp-json\/wp\/v2\/pages\/118\/revisions"}],"predecessor-version":[{"id":308,"href":"https:\/\/www.swifina.ch\/immobilien\/wp-json\/wp\/v2\/pages\/118\/revisions\/308"}],"wp:attachment":[{"href":"https:\/\/www.swifina.ch\/immobilien\/wp-json\/wp\/v2\/media?parent=118"}],"curies":[{"name":"wp","href":"https:\/\/api.w.org\/{rel}","templated":true}]}}