{"id":889,"date":"2022-04-26T10:04:59","date_gmt":"2022-04-26T08:04:59","guid":{"rendered":"https:\/\/www.swifina.ch\/handel\/?post_type=product&#038;p=889"},"modified":"2022-05-03T19:03:43","modified_gmt":"2022-05-03T17:03:43","slug":"golf-ausruestung","status":"publish","type":"product","link":"https:\/\/www.swifina.ch\/handel\/produkt\/geraete\/fitness\/golf-ausruestung\/","title":{"rendered":"Golf Ausr\u00fcstung komplett &#8211; Schl\u00e4ger, Troley, Bag"},"content":{"rendered":"<h3>Golf Ausr\u00fcstung komplett &#8211; Schl\u00e4ger, Troley, Bag<\/h3>\n","protected":false},"excerpt":{"rendered":"<h1>Golf Ausr\u00fcstung komplett &#8211; Schl\u00e4ger, Troley, Bag<\/h1>\n<h3>Schl\u00e4ger Cobra AMP Cell = 50.&#8211;<br \/>\nSchl\u00e4ger Cobra AMP Spedd Tuner = 50.&#8211;<br \/>\nSchl\u00e4ger Callaway Big Bertha Driver 11\u00b0 = 50.&#8211;<br \/>\nCallaway Golf Troley = 50.&#8211;<br \/>\nCallaway Golf Troley Bag = 150.&#8211;<br \/>\nGolf Standbag = 25.&#8211;<br \/>\n60 St. Golfb\u00e4lle \u00e0 1.&#8211; = 60.&#8211;<br \/>\n24 St. Golfb\u00e4lle neu (gratis)<\/h3>\n<h1>Komplett = \u20ac 435.&#8211;<\/h1>\n<p>Artikelstandort: DE-79730 Murg | Tel: +49 174 261 25 03<br \/>\nVersand: Nur Abholung | Bezahlung: In bar bei Abholung<\/p>\n","protected":false},"featured_media":982,"comment_status":"closed","ping_status":"closed","template":"","meta":{"jetpack_post_was_ever_published":false,"jetpack_publicize_message":"","jetpack_publicize_feature_enabled":true,"jetpack_social_post_already_shared":true,"jetpack_social_options":{"image_generator_settings":{"template":"highway","default_image_id":0,"font":"","enabled":false},"version":2}},"product_brand":[],"product_cat":[56],"product_tag":[92],"pa_verbrauch":[],"class_list":{"0":"post-889","1":"product","2":"type-product","3":"status-publish","4":"has-post-thumbnail","6":"product_cat-fitness","7":"product_tag-golf","9":"first","10":"instock","11":"taxable","12":"shipping-taxable","13":"purchasable","14":"product-type-simple"},"jetpack_publicize_connections":[],"jetpack_sharing_enabled":true,"_links":{"self":[{"href":"https:\/\/www.swifina.ch\/handel\/wp-json\/wp\/v2\/product\/889","targetHints":{"allow":["GET"]}}],"collection":[{"href":"https:\/\/www.swifina.ch\/handel\/wp-json\/wp\/v2\/product"}],"about":[{"href":"https:\/\/www.swifina.ch\/handel\/wp-json\/wp\/v2\/types\/product"}],"replies":[{"embeddable":true,"href":"https:\/\/www.swifina.ch\/handel\/wp-json\/wp\/v2\/comments?post=889"}],"wp:featuredmedia":[{"embeddable":true,"href":"https:\/\/www.swifina.ch\/handel\/wp-json\/wp\/v2\/media\/982"}],"wp:attachment":[{"href":"https:\/\/www.swifina.ch\/handel\/wp-json\/wp\/v2\/media?parent=889"}],"wp:term":[{"taxonomy":"product_brand","embeddable":true,"href":"https:\/\/www.swifina.ch\/handel\/wp-json\/wp\/v2\/product_brand?post=889"},{"taxonomy":"product_cat","embeddable":true,"href":"https:\/\/www.swifina.ch\/handel\/wp-json\/wp\/v2\/product_cat?post=889"},{"taxonomy":"product_tag","embeddable":true,"href":"https:\/\/www.swifina.ch\/handel\/wp-json\/wp\/v2\/product_tag?post=889"},{"taxonomy":"pa_verbrauch","embeddable":true,"href":"https:\/\/www.swifina.ch\/handel\/wp-json\/wp\/v2\/pa_verbrauch?post=889"}],"curies":[{"name":"wp","href":"https:\/\/api.w.org\/{rel}","templated":true}]}}