{"id":710,"date":"2022-04-09T13:52:21","date_gmt":"2022-04-09T11:52:21","guid":{"rendered":"http:\/\/www.swifina.ch\/handel\/?post_type=product&#038;p=710"},"modified":"2022-04-26T15:58:27","modified_gmt":"2022-04-26T13:58:27","slug":"powerplate-my-5-vibrationsplatte","status":"publish","type":"product","link":"https:\/\/www.swifina.ch\/handel\/produkt\/geraete\/fitness\/powerplate-my-5-vibrationsplatte\/","title":{"rendered":"Powerplate MY 5 (Vibrationsplatte)"},"content":{"rendered":"<h3>Powerplate MY 5 (Vibrationsplatte)<\/h3>\n<p align=\"justify\">Das Modell Power Plate my5 ist das neuste Ger\u00e4t aus der Modellreihe der Heimger\u00e4te. Es zeichnet sich durch vielf\u00e4ltige Einstellungsm\u00f6glichkeiten aus. So ist eine individuelle Anpassung der Power Plate an Trainingszustand, Trainingsziel und an das individuelle Empfinden m\u00f6glich. Frei w\u00e4hlbare Zeitintervalle sind kombinierbar mit unterschiedlichen Programmen und Amplituden. Erh\u00f6hte Maximalbelastung auf Muskulatur-und Knochenbau, 5,5 G statt 3,9 G (h\u00f6here Intensit\u00e4t). Eine Zeitangabe finden Sie ebenfalls, wie beim Profiger\u00e4t, am unteren Teil des Ger\u00e4tes. Steuerbar ist das Ger\u00e4t auch durch eine Fernbedienung.<\/p>\n<p align=\"justify\">Neben der Ger\u00e4tetechnolgie ist auch die \u00dcbungsausf\u00fchrung ein wichtiger Erfolgsfaktor. Unsere speziell ausgebildeten und zertifizierten Power Plate Personal Trainer weisen Sie fachkundig an Ihrem Ger\u00e4t bei Ihnen zu Hause in die effektive Trainingstechnologie ein!<\/p>\n<p><strong>Technische Daten:<\/strong><\/p>\n<p>Max. Zuladung: 136 kg<br \/>\nFrequenzen: 30 &#8211; 40 Hz (stufenlos)<br \/>\nG-Force: bis 5.5 G<br \/>\nAdjustierung: 1 Hz Zwischenschritte<br \/>\nVertikaler Hub: low + high (2 &#8211; 4 mm)<br \/>\nZeiten: 30, 45 und 60 Sekunden<br \/>\nAbmessungen (BxTxH): 68 x 90 x 150 cm<br \/>\nGewicht Power Plate: 90 kg<br \/>\nEnergie-Werte: 220~230V<br \/>\nNominal Power: 0.35KW (bei Betrieb)<br \/>\nFarben: silber, schwarz, weiss<\/p>\n","protected":false},"excerpt":{"rendered":"<h1>Powerplate MY 5 (Vibrationsplatte)<\/h1>\n<p>Neupreis: 8990.&#8211;<\/p>\n<h1>\u20ac 3&#8217;750.&#8211;<\/h1>\n<p>Artikelstandort: DE-79730 Murg | Tel: +49 174 261 25 03<br \/>\nVersand: Nur Abholung | Bezahlung: In bar bei Abholung<\/p>\n","protected":false},"featured_media":712,"comment_status":"closed","ping_status":"closed","template":"","meta":{"jetpack_post_was_ever_published":false,"jetpack_publicize_message":"","jetpack_publicize_feature_enabled":true,"jetpack_social_post_already_shared":true,"jetpack_social_options":{"image_generator_settings":{"template":"highway","default_image_id":0,"font":"","enabled":false},"version":2}},"product_brand":[],"product_cat":[56],"product_tag":[69],"pa_verbrauch":[],"class_list":{"0":"post-710","1":"product","2":"type-product","3":"status-publish","4":"has-post-thumbnail","6":"product_cat-fitness","7":"product_tag-powerplate","9":"first","10":"instock","11":"sale","12":"taxable","13":"shipping-taxable","14":"purchasable","15":"product-type-simple"},"jetpack_publicize_connections":[],"jetpack_sharing_enabled":true,"_links":{"self":[{"href":"https:\/\/www.swifina.ch\/handel\/wp-json\/wp\/v2\/product\/710","targetHints":{"allow":["GET"]}}],"collection":[{"href":"https:\/\/www.swifina.ch\/handel\/wp-json\/wp\/v2\/product"}],"about":[{"href":"https:\/\/www.swifina.ch\/handel\/wp-json\/wp\/v2\/types\/product"}],"replies":[{"embeddable":true,"href":"https:\/\/www.swifina.ch\/handel\/wp-json\/wp\/v2\/comments?post=710"}],"wp:featuredmedia":[{"embeddable":true,"href":"https:\/\/www.swifina.ch\/handel\/wp-json\/wp\/v2\/media\/712"}],"wp:attachment":[{"href":"https:\/\/www.swifina.ch\/handel\/wp-json\/wp\/v2\/media?parent=710"}],"wp:term":[{"taxonomy":"product_brand","embeddable":true,"href":"https:\/\/www.swifina.ch\/handel\/wp-json\/wp\/v2\/product_brand?post=710"},{"taxonomy":"product_cat","embeddable":true,"href":"https:\/\/www.swifina.ch\/handel\/wp-json\/wp\/v2\/product_cat?post=710"},{"taxonomy":"product_tag","embeddable":true,"href":"https:\/\/www.swifina.ch\/handel\/wp-json\/wp\/v2\/product_tag?post=710"},{"taxonomy":"pa_verbrauch","embeddable":true,"href":"https:\/\/www.swifina.ch\/handel\/wp-json\/wp\/v2\/pa_verbrauch?post=710"}],"curies":[{"name":"wp","href":"https:\/\/api.w.org\/{rel}","templated":true}]}}