{"id":41,"date":"2018-04-06T12:20:55","date_gmt":"2018-04-06T10:20:55","guid":{"rendered":"http:\/\/www.swifina.ch\/handel\/?post_type=product&#038;p=41"},"modified":"2020-03-17T12:05:21","modified_gmt":"2020-03-17T11:05:21","slug":"natura-spritzputz","status":"publish","type":"product","link":"https:\/\/www.swifina.ch\/handel\/produkt\/beschichtungsstoffe\/putze\/putze-innen\/natura-spritzputz\/","title":{"rendered":"Natura Spritzputz"},"content":{"rendered":"<p>Organisch gebundener Spritzputz f\u00fcr Decken im Innenbereich. Als Strukturkorn dient ein mineralischer Leichtf\u00fcllstoff. Das Strukturbild gleicht dem Thermo Spritzputz Typ 10.<\/p>\n","protected":false},"excerpt":{"rendered":"<p>Ein Eimer reicht f\u00fcr ca. 17 m2. Der Verbrauch h\u00e4ngt massgebend von der Auftragsmenge bzw. dem gew\u00fcnschten Strukturbild ab.<br \/>\n24 Eimer sind auf einer Palette.<\/p>\n","protected":false},"featured_media":194,"comment_status":"open","ping_status":"closed","template":"","meta":{"jetpack_post_was_ever_published":false,"jetpack_publicize_message":"","jetpack_publicize_feature_enabled":true,"jetpack_social_post_already_shared":true,"jetpack_social_options":{"image_generator_settings":{"template":"highway","default_image_id":0,"font":"","enabled":false},"version":2}},"product_brand":[],"product_cat":[29],"product_tag":[],"pa_verbrauch":[],"class_list":{"0":"post-41","1":"product","2":"type-product","3":"status-publish","4":"has-post-thumbnail","6":"product_cat-putze-innen","8":"first","9":"instock","10":"sale","11":"downloadable","12":"taxable","13":"shipping-taxable","14":"purchasable","15":"product-type-simple"},"jetpack_publicize_connections":[],"jetpack_sharing_enabled":true,"_links":{"self":[{"href":"https:\/\/www.swifina.ch\/handel\/wp-json\/wp\/v2\/product\/41","targetHints":{"allow":["GET"]}}],"collection":[{"href":"https:\/\/www.swifina.ch\/handel\/wp-json\/wp\/v2\/product"}],"about":[{"href":"https:\/\/www.swifina.ch\/handel\/wp-json\/wp\/v2\/types\/product"}],"replies":[{"embeddable":true,"href":"https:\/\/www.swifina.ch\/handel\/wp-json\/wp\/v2\/comments?post=41"}],"wp:featuredmedia":[{"embeddable":true,"href":"https:\/\/www.swifina.ch\/handel\/wp-json\/wp\/v2\/media\/194"}],"wp:attachment":[{"href":"https:\/\/www.swifina.ch\/handel\/wp-json\/wp\/v2\/media?parent=41"}],"wp:term":[{"taxonomy":"product_brand","embeddable":true,"href":"https:\/\/www.swifina.ch\/handel\/wp-json\/wp\/v2\/product_brand?post=41"},{"taxonomy":"product_cat","embeddable":true,"href":"https:\/\/www.swifina.ch\/handel\/wp-json\/wp\/v2\/product_cat?post=41"},{"taxonomy":"product_tag","embeddable":true,"href":"https:\/\/www.swifina.ch\/handel\/wp-json\/wp\/v2\/product_tag?post=41"},{"taxonomy":"pa_verbrauch","embeddable":true,"href":"https:\/\/www.swifina.ch\/handel\/wp-json\/wp\/v2\/pa_verbrauch?post=41"}],"curies":[{"name":"wp","href":"https:\/\/api.w.org\/{rel}","templated":true}]}}